{"id":40,"date":"2025-01-25T11:12:52","date_gmt":"2025-01-25T11:12:52","guid":{"rendered":"http:\/\/localhost\/wordpress\/?page_id=40"},"modified":"2025-01-26T18:05:34","modified_gmt":"2025-01-26T18:05:34","slug":"research","status":"publish","type":"page","link":"https:\/\/iak.ac.at\/?page_id=40","title":{"rendered":"Bereiche"},"content":{"rendered":"\n<figure class=\"wp-block-image alignfull size-large\"><img loading=\"lazy\" decoding=\"async\" width=\"1024\" height=\"220\" src=\"https:\/\/iak.ac.at\/wp-content\/uploads\/2025\/01\/Untitled-5-1024x220.png\" alt=\"\" class=\"wp-image-211\" srcset=\"https:\/\/iak.ac.at\/wp-content\/uploads\/2025\/01\/Untitled-5-1024x220.png 1024w, https:\/\/iak.ac.at\/wp-content\/uploads\/2025\/01\/Untitled-5-300x64.png 300w, https:\/\/iak.ac.at\/wp-content\/uploads\/2025\/01\/Untitled-5-768x165.png 768w, https:\/\/iak.ac.at\/wp-content\/uploads\/2025\/01\/Untitled-5-1536x330.png 1536w, https:\/\/iak.ac.at\/wp-content\/uploads\/2025\/01\/Untitled-5-2048x440.png 2048w\" sizes=\"auto, (max-width: 1024px) 100vw, 1024px\" \/><\/figure>\n\n\n\n<figure class=\"wp-block-pullquote has-small-font-size\" style=\"font-style:normal;font-weight:400\"><blockquote><p>&#8220;Die Idee sitzt gleichsam als Brille auf unsrer Nase, und was wir ansehen, sehen wir durch sie. Wir kommen gar nicht auf den Gedanken, sie abzunehmen.&#8221;<\/p><cite>Ludwig Wittgenstein, Philosophische Untersuchungen, 78<\/cite><\/blockquote><\/figure>\n\n\n\n<div class=\"wp-block-group has-global-padding is-layout-constrained wp-block-group-is-layout-constrained\">\n<h2 class=\"wp-block-heading has-text-align-center has-text-color\" style=\"color:#000000;margin-top:0;margin-bottom:0;padding-top:var(--wp--preset--spacing--50);padding-bottom:var(--wp--preset--spacing--50);font-size:clamp(24.526px, 1.533rem + ((1vw - 3.2px) * 1.872), 41px);font-style:normal;font-weight:500\">Arbeitskreise<\/h2>\n\n\n\n<div class=\"wp-block-columns are-vertically-aligned-top is-not-stacked-on-mobile is-layout-flex wp-container-core-columns-is-layout-1d043b55 wp-block-columns-is-layout-flex\" style=\"margin-top:var(--wp--preset--spacing--60);margin-bottom:var(--wp--preset--spacing--60)\">\n<div class=\"wp-block-column is-vertically-aligned-top is-layout-flow wp-block-column-is-layout-flow\" style=\"flex-basis:33.33%\">\n<figure class=\"wp-block-image aligncenter size-full has-custom-border\"><img loading=\"lazy\" decoding=\"async\" width=\"362\" height=\"506\" src=\"https:\/\/iak.ac.at\/wp-content\/uploads\/2025\/01\/Two-heads-small-2.png\" alt=\"\" class=\"wp-image-226\" style=\"border-radius:30px\" srcset=\"https:\/\/iak.ac.at\/wp-content\/uploads\/2025\/01\/Two-heads-small-2.png 362w, https:\/\/iak.ac.at\/wp-content\/uploads\/2025\/01\/Two-heads-small-2-215x300.png 215w\" sizes=\"auto, (max-width: 362px) 100vw, 362px\" \/><\/figure>\n<\/div>\n\n\n\n<div class=\"wp-block-column is-vertically-aligned-top is-layout-flow wp-block-column-is-layout-flow\" style=\"flex-basis:100%\">\n<h3 class=\"wp-block-heading has-text-align-left has-text-color\" style=\"color:#000000;margin-top:var(--wp--preset--spacing--20);margin-right:0;margin-bottom:var(--wp--preset--spacing--20);margin-left:0;font-size:clamp(14px, 0.875rem + ((1vw - 3.2px) * 0.341), 17px);font-style:normal;font-weight:500;line-height:1.3\">Linguistische Zug\u00e4nge zu alt\u00e4gptischen religi\u00f6sen Texten<\/h3>\n\n\n\n<p class=\"has-text-align-left has-text-color\" style=\"color:#000000;margin-top:var(--wp--preset--spacing--30);margin-bottom:var(--wp--preset--spacing--30);padding-top:var(--wp--preset--spacing--40);padding-right:0;padding-bottom:var(--wp--preset--spacing--40);padding-left:0;font-size:clamp(14px, 0.875rem + ((1vw - 3.2px) * 0.114), 15px);font-style:normal;font-weight:100\">Text in Ausarbeitung. <\/p>\n<\/div>\n<\/div>\n<\/div>\n\n\n\n<p class=\"has-text-align-center\" style=\"margin-top:0;margin-bottom:0;line-height:1\">Bei Fragen oder einem Interesse mitzuwirken, verwenden Sie bitte das Kontaktformular. <\/p>\n\n\n\n<p class=\"has-text-align-center\" style=\"margin-top:var(--wp--preset--spacing--20);margin-bottom:var(--wp--preset--spacing--20);line-height:1\">Zust\u00e4ndig f\u00fcr die Arbeitsgruppe ist Kristina Hutter (auch direkt erreichbar unter kristina.hutter@iak.ac.at).<\/p>\n\n\n\n<hr class=\"wp-block-separator has-alpha-channel-opacity\" style=\"margin-top:var(--wp--preset--spacing--80);margin-bottom:var(--wp--preset--spacing--80)\"\/>\n\n\n\n<p class=\"has-text-align-center\" style=\"font-style:normal;font-weight:500;line-height:2.1\">Seite im Aufbau.<\/p>\n\n\n\n<p><\/p>\n","protected":false},"excerpt":{"rendered":"<p>&#8220;Die Idee sitzt gleichsam als Brille auf unsrer Nase, und was wir ansehen, sehen wir durch sie. Wir kommen gar nicht auf den Gedanken, sie abzunehmen.&#8221; Ludwig Wittgenstein, Philosophische Untersuchungen, 78 Arbeitskreise Linguistische Zug\u00e4nge zu alt\u00e4gptischen religi\u00f6sen Texten Text in Ausarbeitung. Bei Fragen oder einem Interesse mitzuwirken, verwenden Sie bitte das Kontaktformular. Zust\u00e4ndig f\u00fcr die [&hellip;]<\/p>\n","protected":false},"author":1,"featured_media":0,"parent":0,"menu_order":3,"comment_status":"closed","ping_status":"closed","template":"","meta":{"footnotes":""},"class_list":["post-40","page","type-page","status-publish","hentry"],"_links":{"self":[{"href":"https:\/\/iak.ac.at\/index.php?rest_route=\/wp\/v2\/pages\/40","targetHints":{"allow":["GET"]}}],"collection":[{"href":"https:\/\/iak.ac.at\/index.php?rest_route=\/wp\/v2\/pages"}],"about":[{"href":"https:\/\/iak.ac.at\/index.php?rest_route=\/wp\/v2\/types\/page"}],"author":[{"embeddable":true,"href":"https:\/\/iak.ac.at\/index.php?rest_route=\/wp\/v2\/users\/1"}],"replies":[{"embeddable":true,"href":"https:\/\/iak.ac.at\/index.php?rest_route=%2Fwp%2Fv2%2Fcomments&post=40"}],"version-history":[{"count":21,"href":"https:\/\/iak.ac.at\/index.php?rest_route=\/wp\/v2\/pages\/40\/revisions"}],"predecessor-version":[{"id":235,"href":"https:\/\/iak.ac.at\/index.php?rest_route=\/wp\/v2\/pages\/40\/revisions\/235"}],"wp:attachment":[{"href":"https:\/\/iak.ac.at\/index.php?rest_route=%2Fwp%2Fv2%2Fmedia&parent=40"}],"curies":[{"name":"wp","href":"https:\/\/api.w.org\/{rel}","templated":true}]}}